Calculate the remainder when 821 is divided by 364.
93
What is the remainder when 135 is divided by 40?
15
What is the remainder when 269 is divided by 28?
17
Calculate the remainder when 358 is divided by 33.
28
Calculate the remainder when 6896 is divided by 57.
56
What is the remainder when 221 is divided by 9?
5
What is the remainder when 284 is divided by 9?
5
Calculate the remainder when 252 is divided by 43.
37
Calculate the remainder when 668 is divided by 252.
164
Calculate the remainder when 1803 is divided by 43.
40
What is the remainder when 293 is divided by 21?
20
Calculate the remainder when 76 is divided by 31.
14
Calculate the remainder when 23890 is divided by 132.
130
What is the remainder when 122 is divided by 36?
14
What is the remainder when 677 is divided by 338?
1
What is the remainder when 6306 is divided by 27?
15
Calculate the remainder when 22 is divided by 7.
1
What is the remainder when 819 is divided by 228?
135
Calculate the remainder when 430 is divided by 112.
94
What is the remainder when 28 is divided by 8?
4
What is the remainder when 869 is divided by 25?
19
What is the remainder when 517 is divided by 14?
13
What is the remainder when 141 is divided by 18?
15
Calculate the remainder when 2353 is divided by 30.
13
Calculate the remainder when 2209 is divided by 10.
9
What is the remainder when 837 is divided by 85?
72
Calculate the remainder when 20 is divided by 12.
8
What is the remainder when 279 is divided by 199?
80
Calculate the remainder when 115 is divided by 17.
13
Calculate the remainder when 693 is divided by 27.
18
Calculate the remainder when 81 is divided by 12.
9
What is the remainder when 899 is divided by 158?
109
Calculate the remainder when 398 is divided by 46.
30
Calculate the remainder when 267 is divided by 262.
5
What is the remainder when 110 is divided by 20?
10
Calculate the remainder when 1631 is divided by 71.
69
What is the remainder when 7059 is divided by 294?
3
Calculate the remainder when 797 is divided by 32.
29
What is the remainder when 135 is divided by 17?
16
Calculate the remainder when 315 is divided by 64.
59
Calculate the remainder when 121 is divided by 25.
21
What is the remainder when 1919 is divided by 91?
8
What is the remainder when 112 is divided by 23?
20
What is the remainder when 1292 is divided by 35?
32
What is the remainder when 798 is divided by 14?
0
What is the remainder when 363 is divided by 32?
11
Calculate the remainder when 63 is divided by 16.
15
What is the remainder when 74977 is divided by 115?
112
What is the remainder when 543 is divided by 17?
16
What is the remainder when 337 is divided by 45?
22
What is the remainder when 204 is divided by 41?
40
Calculate the remainder when 539 is divided by 40.
19
What is the remainder when 696 is divided by 222?
30
Calculate the remainder when 860 is divided by 144.
140
Calculate the remainder when 3102 is divided by 82.
68
What is the remainder when 1431 is divided by 25?
6
What is the remainder when 1079 is divided by 12?
11
What is the remainder when 766 is divided by 212?
130
What is the remainder when 427 is divided by 10?
7
What is the remainder when 866 is divided by 396?
74
What is the remainder when 238 is divided by 84?
70
What is the remainder when 245 is divided by 82?
81
What is the remainder when 106 is divided by 29?
19
What is the remainder when 669 is divided by 112?
109
What is the remainder when 469 is divided by 32?
21
What is the remainder when 713 is divided by 63?
20
What is the remainder when 116 is divided by 30?
26
What is the remainder when 1761 is divided by 84?
81
Calculate the remainder when 669 is divided by 16.
13
What is the remainder when 43160 is divided by 17?
14
What is the remainder when 110 is divided by 18?
2
Calculate the remainder when 2364 is divided by 4.
0
What is the remainder when 120 is divided by 72?
48
What is the remainder when 1115 is divided by 37?
5
What is the remainder when 3923 is divided by 119?
115
Calculate the remainder when 2087 is divided by 77.
8
What is the remainder when 118 is divided by 19?
4
What is the remainder when 101 is divided by 14?
3
What is the remainder when 29 is divided by 15?
14
Calculate the remainder when 415 is divided by 206.
3
What is the remainder when 9432 is divided by 3141?
9
Calculate the remainder when 8 is divided by 5.
3
What is the remainder when 266 is divided by 68?
62
Calculate the remainder when 729 is divided by 198.
135
What is the remainder when 551 is divided by 79?
77
Calculate the remainder when 2712 is divided by 677.
4
What is the remainder when 323 is divided by 18?
17
Calculate the remainder when 802 is divided by 11.
10
What is the remainder when 81 is divided by 64?
17
Calculate the remainder when 733 is divided by 106.
97
What is the remainder when 33 is divided by 11?
0
What is the remainder when 7765 is divided by 3?
1
What is the remainder when 209 is divided by 105?
104
What is the remainder when 3603 is divided by 279?
255
Calculate the remainder when 689 is divided by 30.
29
What is the remainder when 7315 is divided by 236?
235
What is the remainder when 421 is divided by 31?
18
What is the remainder when 252 is divided by 33?
21
What is the remainder when 423 is divided by 41?
13
What is the remainder when 527 is divided by 10?
7
What is the remainder when 259 is divided by 52?
51
What is the remainder when 901 is divided by 113?
110
What is the remainder when 17378 is divided by 110?
108
What is the remainder when 1339 is divided by 168?
163
What is the remainder when 3518 is divided by 32?
30
Calculate the remainder when 54 is divided by 21.
12
What is the remainder when 1794 is divided by 113?
99
Calculate the remainder when 94 is divided by 53.
41
What is the remainder when 2112 is divided by 697?
21
Calculate the remainder when 246 is divided by 83.
80
Calculate the remainder when 109 is divided by 45.
19
What is the remainder when 200 is divided by 68?
64
Calculate the remainder when 189 is divided by 24.
21
Calculate the remainder when 140 is divided by 8.
4
Calculate the remainder when 6689 is divided by 291.
287
Calculate the remainder when 300 is divided by 75.
0
What is the remainder when 16409 is divided by 29?
24
Calculate the remainder when 4403 is divided by 152.
147
What is the remainder when 490 is divided by 183?
124
What is the remainder when 4077 is divided by 227?
218
Calculate the remainder when 978 is divided by 331.
316
What is the remainder when 6 is divided by 5?
1
Calculate the remainder when 1176 is divided by 107.
106
What is the remainder when 1417 is divided by 54?
13
Calculate the remainder when 142 is divided by 30.
22
What is the remainder when 59 is divided by 36?
23
What is the remainder when 149 is divided by 25?
24
Calculate the remainder when 84 is divided by 19.
8
Calculate the remainder when 627 is divided by 122.
17
Calculate the remainder when 440 is divided by 111.
107
What is the remainder when 146 is divided by 37?
35
What is the remainder when 3981 is divided by 1988?
5
What is the remainder when 737 is divided by 262?
213
What is the remainder when 907 is divided by 12?
7
Calculate the remainder when 2691 is divided by 71.
64
What is the remainder when 7177 is divided by 2389?
10
Calculate the remainder when 1045 is divided by 395.
255
Calculate the remainder when 342 is divided by 87.
81
What is the remainder when 715 is divided by 60?
55
What is the remainder when 1096 is divided by 122?
120
Calculate the remainder when 116 is divided by 16.
4
Calculate the remainder when 2823 is divided by 310.
33
What is the remainder when 514 is divided by 130?
124
What is the remainder when 417 is divided by 83?
2
What is the remainder when 1287 is divided by 6?
3
What is the remainder when 339 is divided by 116?
107
What is the remainder when 6887 is divided by 18?
11
Calculate the remainder when 447 is divided by 7.
6
What is the remainder when 54 is divided by 12?
6
Calculate the remainder when 1089 is divided by 39.
36
What is the remainder when 1262 is divided by 23?
20
What is the remainder when 155 is divided by 79?
76
What is the remainder when 129 is divided by 36?
21
What is the remainder when 1288 is divided by 255?
13
What is